 c be ((-352)/12)/(-8) + 25/(-15). Suppose 3*w - 8*w - 4291 = -3*b, -4*b + 5756 = c*w. What is the units digit of b?
7
Let c be -573 + (5 - -1)*22/(-44). Let t = 1398 + c. What is the units digit of t?
2
Suppose 6*s - u - 1403 = s, -5*s + 1388 = 4*u. Let j = -220 + s. What is the units digit of j?
0
Let b(x) = 97*x + 4138. What is the thousands digit of b(0)?
4
Let a(u) = -8*u + 12. Let b be a(1). Suppose 20 = -b*j + 8. Let y(q) = 13*q**2 - 2*q - 6. What is the units digit of y(j)?
7
Suppose -5*u + 180 = b, u + 524 = 11*b - 8*b. Suppose -181*v = -b*v - 2220. What is the tens digit of v?
7
Let d = -5175 + 8674. What is the units digit of d?
9
Let s(n) = 90*n**2 + 6*n - 1. Let j = -90 - -88. What is the hundreds digit of s(j)?
3
Let z(j) = -5*j**3 - 10*j**2 - 4*j + 4. Let w be z(-4). Suppose 2*g - 50 = w. Suppose 5*y - f - 323 = -g, -3*f - 173 = -4*y. What is the tens digit of y?
4
Suppose -5*r + 1341 = -3*y, 2*y - 3*r = 6*y + 1817. Let k = 1016 + y. What is the tens digit of k?
6
Suppose -645180 = -82*b + 52*b. What is the tens digit of b?
0
Let w(q) = -q**3 - 16*q**2 + 5. Let j = -51 + 147. Suppose -7*m = -13*m - j. What is the units digit of w(m)?
5
Suppose -14903 = -15*m + 20182. What is the tens digit of m?
3
Let j = 383 + -256. Suppose 102 = -2*a - 18. Let s = j + a. What is the units digit of s?
7
Let z(m) = -20*m - 12. Let n be z(-2). Let d(f) = 33*f - 161. What is the hundreds digit of d(n)?
7
Let k(i) = -1 - 4*i + 12*i - 2*i - 9*i + i**2. Let z be k(3). What is the tens digit of -34 - -36 - (-102 + z + 1)?
0
What is the tens digit of (2 + -6 - (-182)/52)*-19046?
2
Suppose 0 = 2*p - 3*x - 19, 0 = -2*p + 4*x - 10 + 30. Suppose -p = 2*n - 16. Suppose 5*s = -2*m + 306, -n*s = 8 - 0. What is the tens digit of m?
5
Suppose 4*l + 0*l = 8, 0 = -3*x + 4*l - 2. Suppose 127 = x*a + 5*y, 2*a - y - 110 = 11. Let u = a - 30. What is the tens digit of u?
3
Let s(o) = -10*o + 34. Let h be s(3). Suppose 3*m - 12 = -4*c, 8*m - 7*m = c + h. Suppose c = -24*n + 30*n - 624. What is the units digit of n?
4
Suppose 22*m - 177451 = 43496 + 113915. What is the units digit of m?
1
Let o(x) = x**3 - 17*x**2 + 4*x + 37. Suppose -35 = 17*p - 324. What is the hundreds digit of o(p)?
1
Let r = -28 + 33. Suppose r*k = 2*h + h - 69, 5*h + 70 = -4*k. Let q = k - -39. What is the tens digit of q?
2
Let a be (-15)/(105/(-4)) + (-30568)/(-14). Let c = -1491 + a. What is the tens digit of c?
9
Suppose 4*c - 14 + 44 = -5*r, -3*c - 7 = -4*r. Let l be 726/42 + r/14*2. Suppose -1768 = 4*u - l*u. What is the hundreds digit of u?
1
Let r be (48/(-10) - -6)*10/4. Let k(s) = 14*s**2 - 2*s + 12. What is the hundreds digit of k(r)?
1
Let r = 17129 + -11971. What is the tens digit of r?
5
Suppose w - 530 = 4*p, 0 = -0*w - 4*w - 5*p + 2036. Let h = w + -505. What is the units digit of h?
9
Let b = -599 + 599. Suppose b = -22*x + 3408 + 17228. What is the units digit of x?
8
Let h(k) = k**2 - 3. Suppose -7 = d - 0. Let i be h(d). Suppose -g + 61 = -i. What is the tens digit of g?
0
Let p(l) = 4974*l + 403. What is the thousands digit of p(4)?
0
Suppose 3*v + 1285 = 5227. Suppose 264 = -7*g + v. Let x = g - 42. What is the units digit of x?
8
Suppose -4*f = 3*k - 72, -4*f + 4*k - 5*k + 80 = 0. Let d(g) = f*g**2 - 4*g + 16 - 10*g**2 - 6*g**2 - 5. What is the tens digit of d(-5)?
5
Suppose 8 = -s + 3*q - 6*q, -6 = -s + 4*q. What is the hundreds digit of ((-247)/2 - s/(-4))*-2?
2
Let t(k) be the second derivative of 20*k**3/3 - 42*k**2 + 28*k. What is the hundreds digit of t(7)?
1
Let h = 30456 - 15829. What is the tens digit of h?
2
Let j(b) = 3*b**2 - 3*b + 3. Let h be j(0). Suppose 0 = -2*k + 3*c + 1334, 0 = -4*k + h*c + 1372 + 1302. What is the tens digit of k?
7
Let l(o) = -7*o + 20. Let q be 1*4/(-3)*18/(-12). Suppose 3*s + 40 = -q*t, 0 = 2*s - 0*s + 8. What is the units digit of l(t)?
8
Suppose -73*x - 2976 = -79*x. What is the hundreds digit of ((-9)/(-6))/(6/x)?
1
Let m(s) = 5*s**3 + s**2 - 6*s - 8. Let d(w) = -w**3 + w**2 + 1. Let g(t) = -4*d(t) - m(t). Let i be g(-6). Suppose -a + i = -1. What is the units digit of a?
5
Suppose -w + 5*c = 22, -12 = 38*c - 41*c. What is the units digit of (w + 0)*(-2236)/8 - 0?
9
Suppose 233*d = 268*d - 1094940. What is the ten thousands digit of d?
3
Let c be 8/6*18/12. Suppose -91 = -2*b - 99. What is the tens digit of (3 + -17)/(c/b)?
2
Let o be (-3)/(-7) - (-2 - (-54)/(-21)). Suppose -z = -o, -4*t + 972 = -4*z - 992. What is the units digit of t?
6
Let d = 2484 - -3786. What is the hundreds digit of d?
2
Suppose 6 = -3*v - 3. Let x(f) = 27*f**2 + 5*f + 2. Let l be x(v). Let j = 324 - l. What is the units digit of j?
4
Let r(i) = 9*i**2 + 2*i + 6. Let p be r(-4). Suppose -5*l + 4*c - 140 = 89, 41 = -l - 4*c. Let a = l + p. What is the units digit of a?
7
Let i(j) = -j**2 - 28*j - 24. Suppose -6*l - 17 - 61 = 0. What is the tens digit of i(l)?
7
Suppose 4*d - 5*j - 10925 = 0, 4*j = -115*d + 118*d - 8195. What is the hundreds digit of d?
7
Let q(w) = 3546*w**2 - 143*w - 22. What is the ten thousands digit of q(-3)?
3
Let h be ((2 - -9) + -2)/1. Let q(v) = h*v + 11*v - 21*v + 53. What is the tens digit of q(-25)?
7
Suppose 159136 = 126*z - 93746. What is the tens digit of z?
0
Let d = 5164 - 10022. What is the units digit of 28/168 + d/(-12)?
5
Let p(t) = -t**2 + 7*t + 13. Let z be (3 + 18*-1)*(-3)/9. Suppose a + 4*a - 4*y = 44, 3*y + 43 = z*a. What is the units digit of p(a)?
5
Let m(i) = -4*i**3 - 4*i**2 + 9*i - 8. Let q(x) = -7*x**3 + 3*x**2 - 4*x + 1. Let k be q(1). What is the tens digit of m(k)?
0
What is the hundreds digit of (((-3)/(-9))/((-8)/180))/((-11)/18766)?
7
Let v be 10*3/(-30)*(-13 - -1). Suppose -5*h - x - x = -v, 2 = 2*x. Suppose 2*o + 10 = 0, 119 = -0*u + 3*u + h*o. What is the tens digit of u?
4
Let u(x) = 4*x - 158. Let m be u(42). Suppose m*g - 2540 = -20. What is the units digit of g?
2
Let n = 13656 - -3575. What is the thousands digit of n?
7
Let l(w) = 29*w**2 + 22*w - 129. What is the thousands digit of l(17)?
8
Suppose -4*c = -3*c - 4. Suppose -5*j - 632 + 1997 = 3*f, 0 = -j - 3*f + 285. Suppose -c*z - 82 = -j. What is the units digit of z?
7
Suppose 18 - 3 = -3*n. Let g be 344/(n*(-2)/5). Suppose -6*p = 4 - g. What is the units digit of p?
8
Let g = -34 - -35. Let l(w) = w + 1. Let f(y) = -32*y - 9. Let x(z) = g*f(z) + 6*l(z). What is the units digit of x(-2)?
9
Let o(f) = f - 6 + 29 - 5*f. Let r = -4 - 5. What is the units digit of o(r)?
9
Let b = 873 - 869. What is the tens digit of (-4515)/(-4) + b + (-6)/(-24)?
3
Suppose 8*c - 858 = -3*c. Let h = c + -68. What is the units digit of h?
0
Let w be 13/((-234)/12) - 23/(-3). Let l(s) = 2*s**3 - 8*s**2 - 6*s + 11. What is the units digit of l(w)?
3
Let g(a) = 2*a**3 - 23*a**2 - 10*a - 28. Let v be g(13). What is the hundreds digit of (23 + -22)*v/1?
3
Let p(r) = 14*r**2 + 9*r - 15. Let g(h) = -7*h**2 - 4*h + 7. Let x(v) = 5*g(v) + 2*p(v). Let a be x(4). Let u = a + 260. What is the hundreds digit of u?
1
Suppose 10*l + 1664 = 2*l. Let c = 62 - l. What is the hundreds digit of c?
2
Let g be (-3)/9 + 44/6. Suppose -l - g*l + 2448 = 0. Suppose -6*h + l = -270. What is the tens digit of h?
9
Let g = -214 - -137. Let o be 480/22 - 14/g. Suppose 5*z - 598 = o. What is the hundreds digit of z?
1
Suppose -84887 = -5*j - g + 18228, 2*j + 2*g - 41238 = 0. What is the ten thousands digit of j?
2
Let j(m) = 13*m**2 - 3*m - 5. Let o be j(-4). Suppose 2*b + 58 - o = -5*w, -b = 5*w - 156. Suppose -28 = 29*x - w*x. What is the units digit of x?
4
Let n(d) = -97*d - 37. Let q be n(-11). Let t = q + -691. What is the units digit of t?
9
Suppose 2*g + 5*o - o = 14, 0 = -4*g + 3*o + 28. Let j = 710 + -442. Suppose -p = -2*i + g*i - j, 0 = -4*i + 4*p + 224. What is the units digit of i?
4
Let u = 9053 + 7377. What is the tens digit of u?
3
Suppose -12*p + 20 = -28. Let b(o) = -o**3 + 5*o**2 - 2*o + 1. Let i be b(p). Suppose -i*y + 1107 = -9. What is the units digit of y?
4
Suppose -5*w + 277 = 67. Suppose -3*c - w = -3*t, t - 14 = c + 3*t. Let h = c + 55. What is the tens digit of h?
4
Let g(t) = -2*t**3 + 11*t**2 + 3*t - 1. Let r(w) = -5*w**3 + 33*w**2 + 10*w - 1. Let o(i) = -7*g(i) + 2*r(i). What is the units digit of o(7)?
1
Let w(c) = -28*c + 2. Let v(b) = 1. Let d(m) = 5*v(m) - 